22
Calculate the remainder when 1977526 is divided by 1348.
10
Calculate the remainder when 253040 is divided by 725.
15
Calculate the remainder when 657902973 is divided by 12.
9
Calculate the remainder when 123387 is divided by 274.
87
Calculate the remainder when 49287 is divided by 247.
134
What is the remainder when 355498 is divided by 355167?
331
Calculate the remainder when 233211 is divided by 4583.
4061
What is the remainder when 4214 is divided by 1950?
314
Calculate the remainder when 30481 is divided by 9921.
718
Calculate the remainder when 753555 is divided by 2136.
1683
Calculate the remainder when 647601 is divided by 161899.
5
What is the remainder when 8083111 is divided by 11597?
2
Calculate the remainder when 8912 is divided by 2594.
1130
What is the remainder when 2230205 is divided by 96?
29
What is the remainder when 2743871 is divided by 922?
921
Calculate the remainder when 5936421 is divided by 131920.
21
What is the remainder when 1359631 is divided by 7006?
467
What is the remainder when 5744823 is divided by 1914938?
9
Calculate the remainder when 11784281 is divided by 147.
26
Calculate the remainder when 966131762 is divided by 3373.
3372
Calculate the remainder when 42374988 is divided by 51.
6
What is the remainder when 52176 is divided by 8687?
54
What is the remainder when 236316 is divided by 1046?
966
Calculate the remainder when 272111 is divided by 17005.
31
What is the remainder when 269050 is divided by 1287?
67
What is the remainder when 959957 is divided by 6?
5
What is the remainder when 32707030 is divided by 17?
16
Calculate the remainder when 1460053 is divided by 1501.
1081
What is the remainder when 1393940 is divided by 7658?
184
Calculate the remainder when 35874 is divided by 570.
534
What is the remainder when 13555 is divided by 6753?
49
Calculate the remainder when 245468 is divided by 5334.
104
What is the remainder when 81463 is divided by 3877?
46
What is the remainder when 2881058 is divided by 1146?
14
What is the remainder when 4553829 is divided by 1579?
1572
Calculate the remainder when 373741 is divided by 53390.
11
Calculate the remainder when 973881 is divided by 174.
3
What is the remainder when 592243 is divided by 295891?
461
What is the remainder when 482999 is divided by 160987?
38
Calculate the remainder when 108677 is divided by 52116.
4445
Calculate the remainder when 16623293 is divided by 164587.
6
What is the remainder when 129245226 is divided by 219?
186
What is the remainder when 3497104 is divided by 139?
3
What is the remainder when 25636295 is divided by 17865?
20
Calculate the remainder when 96075 is divided by 11623.
3091
What is the remainder when 87568 is divided by 1947?
1900
What is the remainder when 7640123 is divided by 24101?
106
Calculate the remainder when 53371796 is divided by 770.
16
What is the remainder when 1874078 is divided by 54?
8
What is the remainder when 1652456 is divided by 5839?
19
Calculate the remainder when 19335685 is divided by 74083.
22
Calculate the remainder when 107540 is divided by 17707.
1298
What is the remainder when 970340277 is divided by 9282?
9279
What is the remainder when 2910892 is divided by 294?
292
Calculate the remainder when 162985 is divided by 8536.
801
What is the remainder when 184024655 is divided by 24?
23
What is the remainder when 400783 is divided by 80153?
18
What is the remainder when 14749517 is divided by 298?
7
What is the remainder when 2015409 is divided by 310?
99
Calculate the remainder when 150183 is divided by 1122.
957
Calculate the remainder when 326632 is divided by 1112.
816
What is the remainder when 14191601 is divided by 4892?
4801
What is the remainder when 228119093 is divided by 2053?
2051
Calculate the remainder when 14178526 is divided by 2164.
2162
What is the remainder when 212636 is divided by 35405?
206
Calculate the remainder when 2116516 is divided by 3848.
116
What is the remainder when 18821 is divided by 6149?
374
What is the remainder when 73299609 is divided by 7932?
7929
What is the remainder when 90836 is divided by 11332?
180
What is the remainder when 70191 is divided by 16867?
2723
What is the remainder when 10744221 is divided by 490?
481
What is the remainder when 193567 is divided by 21505?
22
Calculate the remainder when 7789 is divided by 1579.
1473
What is the remainder when 538618 is divided by 9129?
7
Calculate the remainder when 691901 is divided by 3887.
15
Calculate the remainder when 1943489 is divided by 971738.
13
What is the remainder when 30370 is divided by 5053?
52
Calculate the remainder when 42771 is divided by 3175.
1496
Calculate the remainder when 778007 is divided by 259295.
122
Calculate the remainder when 196727 is divided by 79.
17
What is the remainder when 16506589 is divided by 114629?
13
Calculate the remainder when 1991139 is divided by 2443.
94
What is the remainder when 475684 is divided by 237764?
156
Calculate the remainder when 1494332 is divided by 113.
20
What is the remainder when 395722 is divided by 2062?
1880
What is the remainder when 527023 is divided by 13868?
39
Calculate the remainder when 6971777 is divided by 3267.
3266
Calculate the remainder when 1003694 is divided by 238.
48
Calculate the remainder when 26034536 is divided by 3022.
6
Calculate the remainder when 93656678 is divided by 337.
334
What is the remainder when 187850 is divided by 424?
18
Calculate the remainder when 2369276 is divided by 18086.
10
Calculate the remainder when 2027322 is divided by 98.
94
Calculate the remainder when 3894615 is divided by 24.
15
Calculate the remainder when 5228283 is divided by 23032.
19
What is the remainder when 642970 is divided by 3019?
2942
Calculate the remainder when 25079467 is divided by 25079441.
26
Calculate the remainder when 177966 is divided by 2828.
2630
What is the remainder when 16553403 is divided by 93522?
9
What is the remainder when 4980943 is divided by 102?
79
What is the remainder when 19077027 is divided by 84?
39
What is the remainder when 11020537 is divided by 13?
8
What is the remainder when 14311219 is divided by 4770296?
331
What is the remainder when 26256 is divided by 2494?
1316
Calculate the remainder when 430991 is divided by 142700.
2891
What is the remainder when 715791 is divided by 1206?
633
What is the remainder when 135812 is divided by 1008?
740
What is the remainder when 478371 is divided by 537?
441
What is the remainder when 95504 is divided by 96?
80
What is the remainder when 5693700 is divided by 328?
276
Calculate the remainder when 4028316 is divided by 1360.
1356
Calculate the remainder when 2656427 is divided by 3953.
11
What is the remainder when 5860648 is divided by 439?
437
Calculate the remainder when 23967136 is divided by 3294.
3286
Calculate the remainder when 233146 is divided by 29039.
834
Calculate the remainder when 3006852 is divided by 7510.
2852
What is the remainder when 45069 is divided by 21213?
2643
What is the remainder when 248070 is divided by 1032?
390
What is the remainder when 3677841 is divided by 69391?
118
Calculate the remainder when 67879091 is divided by 436.
431
Calculate the remainder when 25781759 is divided by 7.
3
Calculate the remainder when 355794 is divided by 377.
283
What is the remainder when 2220283 is divided by 15?
13
What is the remainder when 470880 is divided by 107?
80
What is the remainder when 10878293 is divided by 877?
862
Calculate the remainder when 1039565 is divided by 46.
11
Calculate the remainder when 798000 is divided by 79.
21
Calculate the remainder when 14344549 is divided by 168759.
34
What is the remainder when 11429943 is divided by 82?
45
Calculate the remainder when 120632 is divided by 29722.
1744
What is the remainder when 52669 is divided by 257?
241
What is the remainder when 6398024 is divided by 162?
158
Calculate the remainder when 808089 is divided by 62019.
1842
Calculate the remainder when 963618 is divided by 129.
117
Calculate the remainder when 12858796 is divided by 21.
13
What is the remainder when 844079037 is divided by 5057?
5053
Calculate the remainder when 1186512 is divided by 593241.
30
Calculate the remainder when 93203 is divided by 46496.
211
What is the remainder wh